{"id":75752,"date":"2020-09-27T05:40:16","date_gmt":"2020-09-27T03:40:16","guid":{"rendered":"http:\/\/adaccomumu.cluster028.hosting.ovh.net\/?post_type=product&#038;p=75752"},"modified":"2020-10-27T22:15:40","modified_gmt":"2020-10-27T21:15:40","slug":"csa-abymes","status":"publish","type":"product","link":"https:\/\/www.adac971.com\/index.php\/product\/csa-abymes\/","title":{"rendered":"CSA ABYMES"},"content":{"rendered":"<h1 class=\"wpsestyles orange-message\">10% \u00e0 25% de remise<\/h1>\n<p>Selon la prestation et sur pr\u00e9sentation de la carte ADAC 971 (sauf sur les promotions,\u00a0remise non cumulable)<\/p>\n<p>&nbsp;<\/p>\n<table>\n<tbody>\n<tr>\n<td width=\"45\"><img loading=\"lazy\" class=\"alignnone size-full wp-image-75435\" src=\"http:\/\/adaccomumu.cluster028.hosting.ovh.net\/wp-content\/uploads\/2020\/08\/icone-tel-3.png\" alt=\"\" width=\"40\" height=\"37\" \/><\/td>\n<td width=\"19\">\u00a0<\/td>\n<td width=\"555\">0590 83 85 88<\/td>\n<\/tr>\n<tr>\n<td width=\"45\"><img loading=\"lazy\" class=\"alignnone size-full wp-image-75433\" src=\"http:\/\/adaccomumu.cluster028.hosting.ovh.net\/wp-content\/uploads\/2020\/08\/icone-adresse-2.png\" alt=\"\" width=\"32\" height=\"40\" \/><\/td>\n<td width=\"19\">\u00a0<\/td>\n<td width=\"555\">\n<div>\n<div class=\"dwo3fsh8 g5ia77u1 rt8b4zig n8ej3o3l agehan2d sk4xxmp2 rq0escxv q9uorilb kvgmc6g5 cxmmr5t8 oygrvhab hcukyx3x jb3vyjys rz4wbd8a qt6c0cv9 a8nywdso l9j0dhe7 i1ao9s8h k4urcfbm\">\n<div class=\"j83agx80 cbu4d94t sj5x9vvc cxgpxx05\">\n<div class=\"rq0escxv l9j0dhe7 du4w35lb j83agx80 pfnyh3mw jifvfom9 ll8tlv6m owycx6da btwxx1t3 hv4rvrfc dati1w0a jb3vyjys b5q2rw42 lq239pai mysgfdmx hddg9phg\">\n<div class=\"rq0escxv l9j0dhe7 du4w35lb j83agx80 cbu4d94t g5gj957u d2edcug0 hpfvmrgz rj1gh0hx buofh1pr o8rfisnq p8fzw8mz pcp91wgn iuny7tx3 ipjc6fyt\">\n<div class=\"j83agx80 cbu4d94t ew0dbk1b irj2b8pg\">\n<div class=\"qzhwtbm6 knvmm38d\">\n<p>Petit-P\u00e9rou 97139 Les Abymes<\/p>\n<\/div>\n<\/div>\n<\/div>\n<\/div>\n<\/div>\n<\/div>\n<\/div>\n<\/td>\n<\/tr>\n<tr>\n<td width=\"45\"><img loading=\"lazy\" class=\"alignnone size-full wp-image-75432\" src=\"http:\/\/adaccomumu.cluster028.hosting.ovh.net\/wp-content\/uploads\/2020\/08\/clock-1.png\" alt=\"\" width=\"40\" height=\"40\" \/><\/td>\n<td width=\"19\">\u00a0<\/td>\n<td width=\"555\">\n<div class=\"description\">Lundi au Vendredi de 8h00 \u00e0 16h00<\/div>\n<\/td>\n<\/tr>\n<tr>\n<td width=\"45\"><img loading=\"lazy\" class=\"alignnone size-full wp-image-75436\" src=\"http:\/\/adaccomumu.cluster028.hosting.ovh.net\/wp-content\/uploads\/2020\/08\/mail-icone-2.jpg\" alt=\"\" width=\"40\" height=\"30\" \/><\/td>\n<td width=\"19\">\u00a0<\/td>\n<td width=\"555\">\u00a0<\/td>\n<\/tr>\n<tr>\n<td width=\"45\"><img loading=\"lazy\" class=\"alignnone size-full wp-image-75434\" src=\"http:\/\/adaccomumu.cluster028.hosting.ovh.net\/wp-content\/uploads\/2020\/08\/icone-site-2.png\" alt=\"\" width=\"40\" height=\"39\" \/><\/td>\n<td width=\"19\">\u00a0<\/td>\n<td width=\"555\"><a href=\"http:\/\/centrescsa.com\/\" target=\"_blank\" rel=\"noopener noreferrer\">http:\/\/centrescsa.com\/<\/a><\/td>\n<\/tr>\n<tr>\n<td width=\"45\"><img loading=\"lazy\" class=\"alignnone size-full wp-image-75490\" src=\"http:\/\/adaccomumu.cluster028.hosting.ovh.net\/wp-content\/uploads\/2020\/08\/facebook.png\" alt=\"\" width=\"40\" height=\"40\" \/><\/td>\n<td width=\"19\">\u00a0<\/td>\n<td width=\"555\"><a href=\"https:\/\/www.facebook.com\/centreautoCSA\" target=\"_blank\" rel=\"noopener noreferrer\">https:\/\/www.facebook.com\/centreautoCSA<\/a><\/td>\n<\/tr>\n<\/tbody>\n<\/table>\n<p>Pour votre s\u00e9curit\u00e9, des professionnels qui ne remplacent que ce qui est n\u00e9cessaire ! CSA, c\u2019est \u00e7a !<\/p>\n<h2 class=\"vc_custom_heading\"><span style=\"color: #ff0000;\">A PROPOS DES CENTRES DE SERVICES AUTOMMOBILE CSA<\/span><\/h2>\n<div class=\"vc_separator wpb_content_element vc_separator_align_center vc_sep_width_20 vc_sep_border_width_3 vc_sep_pos_align_left vc_separator_no_text\">CSA, garage automobile en Guadeloupe. C\u2019est avant tout une entreprise locale cr\u00e9e il y a plus de 40 ans fort de caract\u00e8re r\u00e9partie en 4 centres de services automobile (un \u00e0 <a href=\"http:\/\/centrescsa.com\/garage-rue-henri-becquerel\/\" target=\"_blank\" rel=\"noopener noreferrer\">Jarry rue Henri Becquerel<\/a>, un \u00e0\u00a0<a href=\"http:\/\/centrescsa.com\/garage-voie-principale\/\" target=\"_blank\" rel=\"noopener noreferrer\">Jarry voie principale<\/a>, un \u00e0\u00a0<a href=\"http:\/\/centrescsa.com\/garage-gosier\/\">Gosier<\/a>\u00a0et un \u00e0\u00a0<a href=\"http:\/\/centrescsa.com\/garage-petit-perou\/\" target=\"_blank\" rel=\"noopener noreferrer\">Petit Perou<\/a>) !<\/div>\n<div class=\"wpb_text_column wpb_content_element vc_custom_1522338855961\">\n<div class=\"wpb_wrapper\">\n<p>Ce qui qualifie et diff\u00e9rencie les garages CSA\u00a0:<\/p>\n<\/div>\n<\/div>\n<div class=\"smile_icon_list_wrap ult_info_list_container ult-adjust-bottom-margin list vc_custom_1515175684134\">\n<ul class=\"smile_icon_list left square with_bg\">\n<li class=\"icon_list_item\">\n<div class=\"icon_list_icon animated fadeInLeft delay-03\" data-animation=\"fadeInLeft\" data-animation-delay=\"03\">4 centre de services automobiles pour \u00eatre au plus pr\u00e8s de chez vous !<\/div>\n<\/li>\n<\/ul>\n<\/div>\n<div class=\"smile_icon_list_wrap ult_info_list_container ult-adjust-bottom-margin list vc_custom_1515175684134\">\n<ul class=\"smile_icon_list left square with_bg\">\n<li class=\"icon_list_item\">\n<div class=\"icon_list_icon animated fadeInLeft delay-03\" data-animation=\"fadeInLeft\" data-animation-delay=\"03\">Des promotions sur nos diff\u00e9rents produits tout les mois de l\u2019ann\u00e9e !<\/div>\n<\/li>\n<\/ul>\n<\/div>\n<div class=\"smile_icon_list_wrap ult_info_list_container ult-adjust-bottom-margin list vc_custom_1515175684134\">\n<ul class=\"smile_icon_list left square with_bg\">\n<li class=\"icon_list_item\">\n<div class=\"icon_list_icon animated fadeInLeft delay-03\" data-animation=\"fadeInLeft\" data-animation-delay=\"03\">Les Centre de Service Automobile CSA traitent leurs d\u00e9chets pour pr\u00e9server l\u2019environnement !<\/div>\n<\/li>\n<\/ul>\n<\/div>\n<div class=\"smile_icon_list_wrap ult_info_list_container ult-adjust-bottom-margin list vc_custom_1515175684134\">\n<ul class=\"smile_icon_list left square with_bg\">\n<li class=\"icon_list_item\">\n<div class=\"icon_list_icon animated fadeInLeft delay-03\" data-animation=\"fadeInLeft\" data-animation-delay=\"03\">Tous nos techniciens sont qualifi\u00e9s pour offrir le meilleur service !<\/div>\n<\/li>\n<\/ul>\n<\/div>\n<div class=\"smile_icon_list_wrap ult_info_list_container ult-adjust-bottom-margin list \">\n<ul class=\"smile_icon_list left square with_bg\">\n<li class=\"icon_list_item\">\n<div class=\"icon_list_icon animated fadeInLeft delay-03\" data-animation=\"fadeInLeft\" data-animation-delay=\"03\">Les facilit\u00e9s de paiement. (paiement en 4 fois par CB )<\/div>\n<\/li>\n<\/ul>\n<div class=\"carousel-slider-outer carousel-slider-outer-images carousel-slider-outer-75754\">\n\t<style type=\"text\/css\">\n            #id-75754 .carousel-slider-nav-icon {\n                fill: #f1f1f1\n            }\n            #id-75754 .carousel-slider-nav-icon:hover {\n                fill: #00d1b2\n            }\n            #id-75754 .owl-prev,\n            #id-75754 .owl-next,\n            #id-75754 .carousel-slider-nav-icon {\n                height: 48px;\n                width: 48px\n            }\n            #id-75754.arrows-outside .owl-prev {\n                left: -48px\n            }\n            #id-75754.arrows-outside .owl-next {\n                right: -48px\n            }\n        \n\t\t    #id-75754 .owl-dots .owl-dot span {\n                background-color: #f1f1f1;\n                width: 10px;\n                height: 10px;\n            }\n            #id-75754 .owl-dots .owl-dot.active span,\n            #id-75754 .owl-dots .owl-dot:hover span {\n                background-color: #00d1b2\n            }\n\t\t<\/style>\t<div id=\"id-75754\" class=\"owl-carousel carousel-slider arrows-outside arrows-visible-hover dots-hidden dots-center dots-square\" data-slide-type=\"image-carousel\" data-margin=\"10\" data-slide-by=\"1\" data-loop=\"true\" data-lazy-load=\"false\" data-stage-padding=\"0\" data-auto-width=\"false\" data-dots=\"false\" data-nav=\"true\" data-autoplay=\"true\" data-autoplay-timeout=\"5000\" data-autoplay-speed=\"500\" data-autoplay-hover-pause=\"false\" data-colums=\"4\" data-colums-desktop=\"4\" data-colums-small-desktop=\"4\" data-colums-tablet=\"3\" data-colums-small-tablet=\"2\" data-colums-mobile=\"1\">\n\t\t<div class=\"carousel-slider__item\"><img width=\"640\" height=\"640\" src=\"https:\/\/www.adac971.com\/wp-content\/uploads\/2020\/09\/csa1-1024x1024.png\" class=\"attachment-large size-large\" alt=\"\" loading=\"lazy\" srcset=\"https:\/\/www.adac971.com\/wp-content\/uploads\/2020\/09\/csa1-1024x1024.png 1024w, https:\/\/www.adac971.com\/wp-content\/uploads\/2020\/09\/csa1-300x300.png 300w, https:\/\/www.adac971.com\/wp-content\/uploads\/2020\/09\/csa1-100x100.png 100w, https:\/\/www.adac971.com\/wp-content\/uploads\/2020\/09\/csa1-150x150.png 150w, https:\/\/www.adac971.com\/wp-content\/uploads\/2020\/09\/csa1-768x768.png 768w, https:\/\/www.adac971.com\/wp-content\/uploads\/2020\/09\/csa1-75x75.png 75w, https:\/\/www.adac971.com\/wp-content\/uploads\/2020\/09\/csa1-50x50.png 50w, https:\/\/www.adac971.com\/wp-content\/uploads\/2020\/09\/csa1.png 1080w\" sizes=\"(max-width: 640px) 100vw, 640px\" \/><\/div><div class=\"carousel-slider__item\"><img width=\"640\" height=\"640\" src=\"https:\/\/www.adac971.com\/wp-content\/uploads\/2020\/09\/csa2.jpg\" class=\"attachment-large size-large\" alt=\"\" loading=\"lazy\" srcset=\"https:\/\/www.adac971.com\/wp-content\/uploads\/2020\/09\/csa2.jpg 800w, https:\/\/www.adac971.com\/wp-content\/uploads\/2020\/09\/csa2-300x300.jpg 300w, https:\/\/www.adac971.com\/wp-content\/uploads\/2020\/09\/csa2-100x100.jpg 100w, https:\/\/www.adac971.com\/wp-content\/uploads\/2020\/09\/csa2-150x150.jpg 150w, https:\/\/www.adac971.com\/wp-content\/uploads\/2020\/09\/csa2-768x768.jpg 768w, https:\/\/www.adac971.com\/wp-content\/uploads\/2020\/09\/csa2-75x75.jpg 75w, https:\/\/www.adac971.com\/wp-content\/uploads\/2020\/09\/csa2-50x50.jpg 50w\" sizes=\"(max-width: 640px) 100vw, 640px\" \/><\/div><div class=\"carousel-slider__item\"><img width=\"640\" height=\"640\" src=\"https:\/\/www.adac971.com\/wp-content\/uploads\/2020\/09\/csa3.png\" class=\"attachment-large size-large\" alt=\"\" loading=\"lazy\" srcset=\"https:\/\/www.adac971.com\/wp-content\/uploads\/2020\/09\/csa3.png 800w, https:\/\/www.adac971.com\/wp-content\/uploads\/2020\/09\/csa3-300x300.png 300w, https:\/\/www.adac971.com\/wp-content\/uploads\/2020\/09\/csa3-100x100.png 100w, https:\/\/www.adac971.com\/wp-content\/uploads\/2020\/09\/csa3-150x150.png 150w, https:\/\/www.adac971.com\/wp-content\/uploads\/2020\/09\/csa3-768x768.png 768w, https:\/\/www.adac971.com\/wp-content\/uploads\/2020\/09\/csa3-75x75.png 75w, https:\/\/www.adac971.com\/wp-content\/uploads\/2020\/09\/csa3-50x50.png 50w\" sizes=\"(max-width: 640px) 100vw, 640px\" \/><\/div><div class=\"carousel-slider__item\"><img width=\"640\" height=\"640\" src=\"https:\/\/www.adac971.com\/wp-content\/uploads\/2020\/09\/csa4.png\" class=\"attachment-large size-large\" alt=\"\" loading=\"lazy\" srcset=\"https:\/\/www.adac971.com\/wp-content\/uploads\/2020\/09\/csa4.png 800w, https:\/\/www.adac971.com\/wp-content\/uploads\/2020\/09\/csa4-300x300.png 300w, https:\/\/www.adac971.com\/wp-content\/uploads\/2020\/09\/csa4-100x100.png 100w, https:\/\/www.adac971.com\/wp-content\/uploads\/2020\/09\/csa4-150x150.png 150w, https:\/\/www.adac971.com\/wp-content\/uploads\/2020\/09\/csa4-768x768.png 768w, https:\/\/www.adac971.com\/wp-content\/uploads\/2020\/09\/csa4-75x75.png 75w, https:\/\/www.adac971.com\/wp-content\/uploads\/2020\/09\/csa4-50x50.png 50w\" sizes=\"(max-width: 640px) 100vw, 640px\" \/><\/div><div class=\"carousel-slider__item\"><img width=\"640\" height=\"640\" src=\"https:\/\/www.adac971.com\/wp-content\/uploads\/2020\/09\/csa5.png\" class=\"attachment-large size-large\" alt=\"\" loading=\"lazy\" srcset=\"https:\/\/www.adac971.com\/wp-content\/uploads\/2020\/09\/csa5.png 800w, https:\/\/www.adac971.com\/wp-content\/uploads\/2020\/09\/csa5-300x300.png 300w, https:\/\/www.adac971.com\/wp-content\/uploads\/2020\/09\/csa5-100x100.png 100w, https:\/\/www.adac971.com\/wp-content\/uploads\/2020\/09\/csa5-150x150.png 150w, https:\/\/www.adac971.com\/wp-content\/uploads\/2020\/09\/csa5-768x768.png 768w, https:\/\/www.adac971.com\/wp-content\/uploads\/2020\/09\/csa5-75x75.png 75w, https:\/\/www.adac971.com\/wp-content\/uploads\/2020\/09\/csa5-50x50.png 50w\" sizes=\"(max-width: 640px) 100vw, 640px\" \/><\/div><div class=\"carousel-slider__item\"><img width=\"640\" height=\"640\" src=\"https:\/\/www.adac971.com\/wp-content\/uploads\/2020\/09\/csa7.png\" class=\"attachment-large size-large\" alt=\"\" loading=\"lazy\" srcset=\"https:\/\/www.adac971.com\/wp-content\/uploads\/2020\/09\/csa7.png 800w, https:\/\/www.adac971.com\/wp-content\/uploads\/2020\/09\/csa7-300x300.png 300w, https:\/\/www.adac971.com\/wp-content\/uploads\/2020\/09\/csa7-100x100.png 100w, https:\/\/www.adac971.com\/wp-content\/uploads\/2020\/09\/csa7-150x150.png 150w, https:\/\/www.adac971.com\/wp-content\/uploads\/2020\/09\/csa7-768x768.png 768w, https:\/\/www.adac971.com\/wp-content\/uploads\/2020\/09\/csa7-75x75.png 75w, https:\/\/www.adac971.com\/wp-content\/uploads\/2020\/09\/csa7-50x50.png 50w\" sizes=\"(max-width: 640px) 100vw, 640px\" \/><\/div><div class=\"carousel-slider__item\"><img width=\"640\" height=\"640\" src=\"https:\/\/www.adac971.com\/wp-content\/uploads\/2020\/09\/csa8.png\" class=\"attachment-large size-large\" alt=\"\" loading=\"lazy\" srcset=\"https:\/\/www.adac971.com\/wp-content\/uploads\/2020\/09\/csa8.png 800w, https:\/\/www.adac971.com\/wp-content\/uploads\/2020\/09\/csa8-300x300.png 300w, https:\/\/www.adac971.com\/wp-content\/uploads\/2020\/09\/csa8-100x100.png 100w, https:\/\/www.adac971.com\/wp-content\/uploads\/2020\/09\/csa8-150x150.png 150w, https:\/\/www.adac971.com\/wp-content\/uploads\/2020\/09\/csa8-768x768.png 768w, https:\/\/www.adac971.com\/wp-content\/uploads\/2020\/09\/csa8-75x75.png 75w, https:\/\/www.adac971.com\/wp-content\/uploads\/2020\/09\/csa8-50x50.png 50w\" sizes=\"(max-width: 640px) 100vw, 640px\" \/><\/div><div class=\"carousel-slider__item\"><img width=\"640\" height=\"537\" src=\"https:\/\/www.adac971.com\/wp-content\/uploads\/2020\/09\/csa9.jpg\" class=\"attachment-large size-large\" alt=\"\" loading=\"lazy\" srcset=\"https:\/\/www.adac971.com\/wp-content\/uploads\/2020\/09\/csa9.jpg 940w, https:\/\/www.adac971.com\/wp-content\/uploads\/2020\/09\/csa9-300x251.jpg 300w, https:\/\/www.adac971.com\/wp-content\/uploads\/2020\/09\/csa9-768x644.jpg 768w\" sizes=\"(max-width: 640px) 100vw, 640px\" \/><\/div><div class=\"carousel-slider__item\"><img width=\"640\" height=\"640\" src=\"https:\/\/www.adac971.com\/wp-content\/uploads\/2020\/09\/csa56.png\" class=\"attachment-large size-large\" alt=\"\" loading=\"lazy\" srcset=\"https:\/\/www.adac971.com\/wp-content\/uploads\/2020\/09\/csa56.png 800w, https:\/\/www.adac971.com\/wp-content\/uploads\/2020\/09\/csa56-300x300.png 300w, https:\/\/www.adac971.com\/wp-content\/uploads\/2020\/09\/csa56-100x100.png 100w, https:\/\/www.adac971.com\/wp-content\/uploads\/2020\/09\/csa56-150x150.png 150w, https:\/\/www.adac971.com\/wp-content\/uploads\/2020\/09\/csa56-768x768.png 768w, https:\/\/www.adac971.com\/wp-content\/uploads\/2020\/09\/csa56-75x75.png 75w, https:\/\/www.adac971.com\/wp-content\/uploads\/2020\/09\/csa56-50x50.png 50w\" sizes=\"(max-width: 640px) 100vw, 640px\" \/><\/div>\t<\/div><!-- #id-## -->\n<\/div>\n\n<\/div>\n","protected":false},"excerpt":{"rendered":"<p>10% \u00e0 25% de remise Selon la prestation et sur pr\u00e9sentation de la carte ADAC 971 (sauf sur les promotions,\u00a0remise non cumulable) &nbsp; \u00a0 0590 83 85 88 \u00a0 Petit-P\u00e9rou 97139 Les Abymes \u00a0 Lundi au Vendredi de 8h00 \u00e0 16h00 \u00a0 \u00a0 \u00a0 http:\/\/centrescsa.com\/ \u00a0 https:\/\/www.facebook.com\/centreautoCSA Pour votre s\u00e9curit\u00e9, des professionnels qui ne remplacent [&hellip;]<\/p>\n","protected":false},"featured_media":75753,"template":"","meta":[],"_links":{"self":[{"href":"https:\/\/www.adac971.com\/index.php\/wp-json\/wp\/v2\/product\/75752"}],"collection":[{"href":"https:\/\/www.adac971.com\/index.php\/wp-json\/wp\/v2\/product"}],"about":[{"href":"https:\/\/www.adac971.com\/index.php\/wp-json\/wp\/v2\/types\/product"}],"wp:featuredmedia":[{"embeddable":true,"href":"https:\/\/www.adac971.com\/index.php\/wp-json\/wp\/v2\/media\/75753"}],"wp:attachment":[{"href":"https:\/\/www.adac971.com\/index.php\/wp-json\/wp\/v2\/media?parent=75752"}],"curies":[{"name":"wp","href":"https:\/\/api.w.org\/{rel}","templated":true}]}}