{"id":75501,"date":"2020-08-31T23:50:29","date_gmt":"2020-08-31T21:50:29","guid":{"rendered":"http:\/\/adaccomumu.cluster028.hosting.ovh.net\/?post_type=product&#038;p=75501"},"modified":"2020-10-27T22:13:54","modified_gmt":"2020-10-27T21:13:54","slug":"csf","status":"publish","type":"product","link":"https:\/\/www.adac971.com\/index.php\/product\/csf\/","title":{"rendered":"CSF"},"content":{"rendered":"<h1 class=\"wpsestyles orange-message\">Divers avantages<\/h1>\n<p>Gr\u00e2ce \u00e0 l\u2019accord de partenariat sign\u00e9 entre le CSF etL\u2019ADAC 971, vous avez acc\u00e8s \u00e0 un large \u00e9ventail de services et de solution de cr\u00e9dits, d\u2019assurances,d\u2019\u00e9pargne et de retraite.<\/p>\n<p>&nbsp;<\/p>\n<table>\n<tbody>\n<tr>\n<td width=\"45\"><img loading=\"lazy\" class=\"alignnone size-full wp-image-75435\" src=\"http:\/\/adaccomumu.cluster028.hosting.ovh.net\/wp-content\/uploads\/2020\/08\/icone-tel-3.png\" alt=\"\" width=\"40\" height=\"37\" \/><\/td>\n<td width=\"19\">\u00a0<\/td>\n<td width=\"555\"><span class=\"w8qArf\">\u00a0<\/span><span class=\"LrzXr zdqRlf kno-fv\"><span data-dtype=\"d3ifr\" data-local-attribute=\"d3ph\">05 90 82 53 17<\/span><\/span><\/td>\n<\/tr>\n<tr>\n<td width=\"45\"><img loading=\"lazy\" class=\"alignnone size-full wp-image-75433\" src=\"http:\/\/adaccomumu.cluster028.hosting.ovh.net\/wp-content\/uploads\/2020\/08\/icone-adresse-2.png\" alt=\"\" width=\"32\" height=\"40\" \/><\/td>\n<td width=\"19\">\u00a0<\/td>\n<td width=\"555\">Rue Gaston Dorocant Zac de Doth\u00e9mare Nord Les Abymes, 97139, Guadeloupe<\/td>\n<\/tr>\n<tr>\n<td width=\"45\"><img loading=\"lazy\" class=\"alignnone size-full wp-image-75432\" src=\"http:\/\/adaccomumu.cluster028.hosting.ovh.net\/wp-content\/uploads\/2020\/08\/clock-1.png\" alt=\"\" width=\"40\" height=\"40\" \/><\/td>\n<td width=\"19\">\u00a0<\/td>\n<td width=\"555\">\n<div class=\"description\">Lundi au Samedi de 8h00 \u00e0 18h00<\/div>\n<\/td>\n<\/tr>\n<tr>\n<td width=\"45\"><img loading=\"lazy\" class=\"alignnone size-full wp-image-75436\" src=\"http:\/\/adaccomumu.cluster028.hosting.ovh.net\/wp-content\/uploads\/2020\/08\/mail-icone-2.jpg\" alt=\"\" width=\"40\" height=\"30\" \/><\/td>\n<td width=\"19\">\u00a0<\/td>\n<td width=\"555\">\u00a0<\/td>\n<\/tr>\n<tr>\n<td width=\"45\"><img loading=\"lazy\" class=\"alignnone size-full wp-image-75434\" src=\"http:\/\/adaccomumu.cluster028.hosting.ovh.net\/wp-content\/uploads\/2020\/08\/icone-site-2.png\" alt=\"\" width=\"40\" height=\"39\" \/><\/td>\n<td width=\"19\">\u00a0<\/td>\n<td width=\"555\"><a href=\"https:\/\/www.csf.fr\/jcms\/pro1_119132\/adac\" target=\"_blank\" rel=\"noopener noreferrer\">https:\/\/www.csf.fr\/jcms\/pro1_119132\/adac<\/a><\/td>\n<\/tr>\n<tr>\n<td width=\"45\"><img loading=\"lazy\" class=\"alignnone size-full wp-image-75490\" src=\"http:\/\/adaccomumu.cluster028.hosting.ovh.net\/wp-content\/uploads\/2020\/08\/facebook.png\" alt=\"\" width=\"40\" height=\"40\" \/><\/td>\n<td width=\"19\">\u00a0<\/td>\n<td width=\"555\">\u00a0<\/td>\n<\/tr>\n<\/tbody>\n<\/table>\n<div class=\"carousel-slider-outer carousel-slider-outer-images carousel-slider-outer-75524\">\n\t<style type=\"text\/css\">\n            #id-75524 .carousel-slider-nav-icon {\n                fill: #f1f1f1\n            }\n            #id-75524 .carousel-slider-nav-icon:hover {\n                fill: #00d1b2\n            }\n            #id-75524 .owl-prev,\n            #id-75524 .owl-next,\n            #id-75524 .carousel-slider-nav-icon {\n                height: 48px;\n                width: 48px\n            }\n            #id-75524.arrows-outside .owl-prev {\n                left: -48px\n            }\n            #id-75524.arrows-outside .owl-next {\n                right: -48px\n            }\n        \n\t\t    #id-75524 .owl-dots .owl-dot span {\n                background-color: #f1f1f1;\n                width: 10px;\n                height: 10px;\n            }\n            #id-75524 .owl-dots .owl-dot.active span,\n            #id-75524 .owl-dots .owl-dot:hover span {\n                background-color: #00d1b2\n            }\n\t\t<\/style>\t<div id=\"id-75524\" class=\"owl-carousel carousel-slider arrows-outside arrows-visible-hover dots-hidden dots-center dots-square\" data-slide-type=\"image-carousel\" data-margin=\"10\" data-slide-by=\"1\" data-loop=\"true\" data-lazy-load=\"false\" data-stage-padding=\"0\" data-auto-width=\"true\" data-dots=\"false\" data-nav=\"true\" data-autoplay=\"true\" data-autoplay-timeout=\"5000\" data-autoplay-speed=\"500\" data-autoplay-hover-pause=\"false\" data-colums=\"4\" data-colums-desktop=\"4\" data-colums-small-desktop=\"4\" data-colums-tablet=\"3\" data-colums-small-tablet=\"2\" data-colums-mobile=\"1\">\n\t\t<div class=\"carousel-slider__item\"><img width=\"590\" height=\"330\" src=\"https:\/\/www.adac971.com\/wp-content\/uploads\/2020\/09\/regroupements_de_credits.jpg\" class=\"attachment-medium_large size-medium_large\" alt=\"\" loading=\"lazy\" srcset=\"https:\/\/www.adac971.com\/wp-content\/uploads\/2020\/09\/regroupements_de_credits.jpg 590w, https:\/\/www.adac971.com\/wp-content\/uploads\/2020\/09\/regroupements_de_credits-300x168.jpg 300w, https:\/\/www.adac971.com\/wp-content\/uploads\/2020\/09\/regroupements_de_credits-500x280.jpg 500w\" sizes=\"(max-width: 590px) 100vw, 590px\" \/><\/div><div class=\"carousel-slider__item\"><img width=\"590\" height=\"330\" src=\"https:\/\/www.adac971.com\/wp-content\/uploads\/2020\/09\/recherchez_votre_logement.jpg\" class=\"attachment-medium_large size-medium_large\" alt=\"\" loading=\"lazy\" srcset=\"https:\/\/www.adac971.com\/wp-content\/uploads\/2020\/09\/recherchez_votre_logement.jpg 590w, https:\/\/www.adac971.com\/wp-content\/uploads\/2020\/09\/recherchez_votre_logement-300x168.jpg 300w, https:\/\/www.adac971.com\/wp-content\/uploads\/2020\/09\/recherchez_votre_logement-500x280.jpg 500w\" sizes=\"(max-width: 590px) 100vw, 590px\" \/><\/div><div class=\"carousel-slider__item\"><img width=\"580\" height=\"330\" src=\"https:\/\/www.adac971.com\/wp-content\/uploads\/2020\/09\/ptz_aides_immo_csf_1.jpg\" class=\"attachment-medium_large size-medium_large\" alt=\"\" loading=\"lazy\" srcset=\"https:\/\/www.adac971.com\/wp-content\/uploads\/2020\/09\/ptz_aides_immo_csf_1.jpg 580w, https:\/\/www.adac971.com\/wp-content\/uploads\/2020\/09\/ptz_aides_immo_csf_1-300x171.jpg 300w, https:\/\/www.adac971.com\/wp-content\/uploads\/2020\/09\/ptz_aides_immo_csf_1-500x284.jpg 500w\" sizes=\"(max-width: 580px) 100vw, 580px\" \/><\/div><div class=\"carousel-slider__item\"><img width=\"580\" height=\"330\" src=\"https:\/\/www.adac971.com\/wp-content\/uploads\/2020\/09\/pret_travaux.jpg\" class=\"attachment-medium_large size-medium_large\" alt=\"\" loading=\"lazy\" srcset=\"https:\/\/www.adac971.com\/wp-content\/uploads\/2020\/09\/pret_travaux.jpg 580w, https:\/\/www.adac971.com\/wp-content\/uploads\/2020\/09\/pret_travaux-300x171.jpg 300w, https:\/\/www.adac971.com\/wp-content\/uploads\/2020\/09\/pret_travaux-500x284.jpg 500w\" sizes=\"(max-width: 580px) 100vw, 580px\" \/><\/div><div class=\"carousel-slider__item\"><img width=\"580\" height=\"330\" src=\"https:\/\/www.adac971.com\/wp-content\/uploads\/2020\/09\/pret_avantage_partenaire.jpg\" class=\"attachment-medium_large size-medium_large\" alt=\"\" loading=\"lazy\" srcset=\"https:\/\/www.adac971.com\/wp-content\/uploads\/2020\/09\/pret_avantage_partenaire.jpg 580w, https:\/\/www.adac971.com\/wp-content\/uploads\/2020\/09\/pret_avantage_partenaire-300x171.jpg 300w, https:\/\/www.adac971.com\/wp-content\/uploads\/2020\/09\/pret_avantage_partenaire-500x284.jpg 500w\" sizes=\"(max-width: 580px) 100vw, 580px\" \/><\/div><div class=\"carousel-slider__item\"><img width=\"387\" height=\"220\" src=\"https:\/\/www.adac971.com\/wp-content\/uploads\/2020\/09\/pack_carriere_csf.jpg\" class=\"attachment-medium_large size-medium_large\" alt=\"\" loading=\"lazy\" srcset=\"https:\/\/www.adac971.com\/wp-content\/uploads\/2020\/09\/pack_carriere_csf.jpg 387w, https:\/\/www.adac971.com\/wp-content\/uploads\/2020\/09\/pack_carriere_csf-300x171.jpg 300w\" sizes=\"(max-width: 387px) 100vw, 387px\" \/><\/div><div class=\"carousel-slider__item\"><img width=\"580\" height=\"330\" src=\"https:\/\/www.adac971.com\/wp-content\/uploads\/2020\/09\/ade_1.jpg\" class=\"attachment-medium_large size-medium_large\" alt=\"\" loading=\"lazy\" srcset=\"https:\/\/www.adac971.com\/wp-content\/uploads\/2020\/09\/ade_1.jpg 580w, https:\/\/www.adac971.com\/wp-content\/uploads\/2020\/09\/ade_1-300x171.jpg 300w, https:\/\/www.adac971.com\/wp-content\/uploads\/2020\/09\/ade_1-500x284.jpg 500w\" sizes=\"(max-width: 580px) 100vw, 580px\" \/><\/div><div class=\"carousel-slider__item\"><img width=\"590\" height=\"330\" src=\"https:\/\/www.adac971.com\/wp-content\/uploads\/2020\/09\/100_progretis.jpg\" class=\"attachment-medium_large size-medium_large\" alt=\"\" loading=\"lazy\" srcset=\"https:\/\/www.adac971.com\/wp-content\/uploads\/2020\/09\/100_progretis.jpg 590w, https:\/\/www.adac971.com\/wp-content\/uploads\/2020\/09\/100_progretis-300x168.jpg 300w, https:\/\/www.adac971.com\/wp-content\/uploads\/2020\/09\/100_progretis-500x280.jpg 500w\" sizes=\"(max-width: 590px) 100vw, 590px\" \/><\/div>\t<\/div><!-- #id-## -->\n<\/div>\n\n","protected":false},"excerpt":{"rendered":"<p>Divers avantages Gr\u00e2ce \u00e0 l\u2019accord de partenariat sign\u00e9 entre le CSF etL\u2019ADAC 971, vous avez acc\u00e8s \u00e0 un large \u00e9ventail de services et de solution de cr\u00e9dits, d\u2019assurances,d\u2019\u00e9pargne et de retraite. &nbsp; \u00a0 \u00a005 90 82 53 17 \u00a0 Rue Gaston Dorocant Zac de Doth\u00e9mare Nord Les Abymes, 97139, Guadeloupe \u00a0 Lundi au Samedi de [&hellip;]<\/p>\n","protected":false},"featured_media":75503,"template":"","meta":[],"_links":{"self":[{"href":"https:\/\/www.adac971.com\/index.php\/wp-json\/wp\/v2\/product\/75501"}],"collection":[{"href":"https:\/\/www.adac971.com\/index.php\/wp-json\/wp\/v2\/product"}],"about":[{"href":"https:\/\/www.adac971.com\/index.php\/wp-json\/wp\/v2\/types\/product"}],"wp:featuredmedia":[{"embeddable":true,"href":"https:\/\/www.adac971.com\/index.php\/wp-json\/wp\/v2\/media\/75503"}],"wp:attachment":[{"href":"https:\/\/www.adac971.com\/index.php\/wp-json\/wp\/v2\/media?parent=75501"}],"curies":[{"name":"wp","href":"https:\/\/api.w.org\/{rel}","templated":true}]}}