{"id":75415,"date":"2020-08-17T18:09:15","date_gmt":"2020-08-17T16:09:15","guid":{"rendered":"http:\/\/adaccomumu.cluster028.hosting.ovh.net\/?post_type=product&#038;p=75415"},"modified":"2020-10-24T23:52:28","modified_gmt":"2020-10-24T21:52:28","slug":"sodial-cash","status":"publish","type":"product","link":"https:\/\/www.adac971.com\/index.php\/product\/sodial-cash\/","title":{"rendered":"SODIAL CASH JARRY"},"content":{"rendered":"<h1 class=\"wpsestyles orange-message\"><strong>Prix de gros<\/strong><\/h1>\n<p><span class=\"PBLongTxt\">Sur pr\u00e9sentation de la carte ADAC 971 (sauf sur les promotions, remise non cumulable)<\/span><\/p>\n<p><span class=\"PBLongTxt\"><br \/>SUPERMARCH\u00c9 ALIMENTATION<br \/>Affectation automatique du tarif professionnel,\u00a0soit sur le prix du carton complet, soit \u00e0 l&rsquo;unit\u00e9<\/span><\/p>\n<p><span class=\"PBLongTxt\">Commerce de gros et d\u00e9tail alimentaire<\/span><\/p>\n<p>Le cash des pros et des particuliers<\/p>\n<div>\u00a0<\/div>\n<table>\n<tbody>\n<tr>\n<td width=\"45\"><img loading=\"lazy\" class=\"alignnone size-full wp-image-75435\" src=\"http:\/\/adaccomumu.cluster028.hosting.ovh.net\/wp-content\/uploads\/2020\/08\/icone-tel-3.png\" alt=\"\" width=\"40\" height=\"37\" \/><\/td>\n<td width=\"19\">\u00a0<\/td>\n<td width=\"555\"><span class=\"PBLongTxt\">0590 26 69 08<\/span><\/td>\n<\/tr>\n<tr>\n<td width=\"45\"><img loading=\"lazy\" class=\"alignnone size-full wp-image-75433\" src=\"http:\/\/adaccomumu.cluster028.hosting.ovh.net\/wp-content\/uploads\/2020\/08\/icone-adresse-2.png\" alt=\"\" width=\"32\" height=\"40\" \/><\/td>\n<td width=\"19\">\u00a0<\/td>\n<td width=\"555\"><span class=\"PBLongTxt\">Impasse Amp\u00e8re, voie principale (En face de Lapeyre), Z.I. de Jarry 97122 Baie-Mahault<\/span><\/td>\n<\/tr>\n<tr>\n<td width=\"45\"><img loading=\"lazy\" class=\"alignnone size-full wp-image-75432\" src=\"http:\/\/adaccomumu.cluster028.hosting.ovh.net\/wp-content\/uploads\/2020\/08\/clock-1.png\" alt=\"\" width=\"40\" height=\"40\" \/><\/td>\n<td width=\"19\">\u00a0<\/td>\n<td width=\"555\">\n<div class=\"description\">Lundi au Vendredi de 07:00 \u00e0 17:45 &#8211; Samedi 08:00 \u00e0 12:45<\/div>\n<\/td>\n<\/tr>\n<tr>\n<td width=\"45\"><img loading=\"lazy\" class=\"alignnone size-full wp-image-75436\" src=\"http:\/\/adaccomumu.cluster028.hosting.ovh.net\/wp-content\/uploads\/2020\/08\/mail-icone-2.jpg\" alt=\"\" width=\"40\" height=\"30\" \/><\/td>\n<td width=\"19\">\u00a0<\/td>\n<td width=\"555\"><span class=\"PBLongTxt\">sodialcash@g-nouy.fr<\/span><\/td>\n<\/tr>\n<tr>\n<td width=\"45\"><img loading=\"lazy\" class=\"alignnone size-full wp-image-75434\" src=\"http:\/\/adaccomumu.cluster028.hosting.ovh.net\/wp-content\/uploads\/2020\/08\/icone-site-2.png\" alt=\"\" width=\"40\" height=\"39\" \/><\/td>\n<td width=\"19\">\u00a0<\/td>\n<td width=\"555\">\u00a0<\/td>\n<\/tr>\n<tr>\n<td width=\"45\"><img loading=\"lazy\" class=\"alignnone size-full wp-image-75490\" src=\"http:\/\/adaccomumu.cluster028.hosting.ovh.net\/wp-content\/uploads\/2020\/08\/facebook.png\" alt=\"\" width=\"40\" height=\"40\" \/><\/td>\n<td width=\"19\">\u00a0<\/td>\n<td width=\"555\"><a href=\"http:\/\/www.facebook.com\/Sodial-cash-830668913706958\" target=\"_blank\" rel=\"noopener noreferrer\">www.facebook.com\/Sodial-cash-830668913706958<\/a><\/td>\n<\/tr>\n<\/tbody>\n<\/table>\n<p>&nbsp;<\/p>\n<p><img loading=\"lazy\" class=\"alignleft size-full wp-image-76481\" src=\"http:\/\/adaccomumu.cluster028.hosting.ovh.net\/wp-content\/uploads\/2020\/08\/sodialcash.jpg\" alt=\"\" width=\"700\" height=\"277\" srcset=\"https:\/\/www.adac971.com\/wp-content\/uploads\/2020\/08\/sodialcash.jpg 700w, https:\/\/www.adac971.com\/wp-content\/uploads\/2020\/08\/sodialcash-300x119.jpg 300w\" sizes=\"(max-width: 700px) 100vw, 700px\" \/><\/p>\n","protected":false},"excerpt":{"rendered":"<p>Prix de gros Sur pr\u00e9sentation de la carte ADAC 971 (sauf sur les promotions, remise non cumulable) SUPERMARCH\u00c9 ALIMENTATIONAffectation automatique du tarif professionnel,\u00a0soit sur le prix du carton complet, soit \u00e0 l&rsquo;unit\u00e9 Commerce de gros et d\u00e9tail alimentaire Le cash des pros et des particuliers \u00a0 \u00a0 0590 26 69 08 \u00a0 Impasse Amp\u00e8re, voie [&hellip;]<\/p>\n","protected":false},"featured_media":75416,"template":"","meta":[],"_links":{"self":[{"href":"https:\/\/www.adac971.com\/index.php\/wp-json\/wp\/v2\/product\/75415"}],"collection":[{"href":"https:\/\/www.adac971.com\/index.php\/wp-json\/wp\/v2\/product"}],"about":[{"href":"https:\/\/www.adac971.com\/index.php\/wp-json\/wp\/v2\/types\/product"}],"wp:featuredmedia":[{"embeddable":true,"href":"https:\/\/www.adac971.com\/index.php\/wp-json\/wp\/v2\/media\/75416"}],"wp:attachment":[{"href":"https:\/\/www.adac971.com\/index.php\/wp-json\/wp\/v2\/media?parent=75415"}],"curies":[{"name":"wp","href":"https:\/\/api.w.org\/{rel}","templated":true}]}}

<h1 class="wpsestyles orange-message"><strong>Prix de gros</strong></h1>
<p><span class="PBLongTxt">Sur présentation de la carte ADAC 971 (sauf sur les promotions, remise non cumulable)</span></p>
<p><span class="PBLongTxt"><br />SUPERMARCHÉ ALIMENTATION<br />Affectation automatique du tarif professionnel, soit sur le prix du carton complet, soit à l&rsquo;unité</span></p>
<p><span class="PBLongTxt">Commerce de gros et détail alimentaire</span></p>
<p>Le cash des pros et des particuliers</p>
<div> </div>
<table>
<tbody>
<tr>
<td width="45"><img loading="lazy" class="alignnone size-full wp-image-75435" src="http://adaccomumu.cluster028.hosting.ovh.net/wp-content/uploads/2020/08/icone-tel-3.png" alt="" width="40" height="37" /></td>
<td width="19"> </td>
<td width="555"><span class="PBLongTxt">0590 26 69 08</span></td>
</tr>
<tr>
<td width="45"><img loading="lazy" class="alignnone size-full wp-image-75433" src="http://adaccomumu.cluster028.hosting.ovh.net/wp-content/uploads/2020/08/icone-adresse-2.png" alt="" width="32" height="40" /></td>
<td width="19"> </td>
<td width="555"><span class="PBLongTxt">Impasse Ampère, voie principale (En face de Lapeyre), Z.I. de Jarry 97122 Baie-Mahault</span></td>
</tr>
<tr>
<td width="45"><img loading="lazy" class="alignnone size-full wp-image-75432" src="http://adaccomumu.cluster028.hosting.ovh.net/wp-content/uploads/2020/08/clock-1.png" alt="" width="40" height="40" /></td>
<td width="19"> </td>
<td width="555">
<div class="description">Lundi au Vendredi de 07:00 à 17:45 &#8211; Samedi 08:00 à 12:45</div>
</td>
</tr>
<tr>
<td width="45"><img loading="lazy" class="alignnone size-full wp-image-75436" src="http://adaccomumu.cluster028.hosting.ovh.net/wp-content/uploads/2020/08/mail-icone-2.jpg" alt="" width="40" height="30" /></td>
<td width="19"> </td>
<td width="555"><span class="PBLongTxt">sodialcash@g-nouy.fr</span></td>
</tr>
<tr>
<td width="45"><img loading="lazy" class="alignnone size-full wp-image-75434" src="http://adaccomumu.cluster028.hosting.ovh.net/wp-content/uploads/2020/08/icone-site-2.png" alt="" width="40" height="39" /></td>
<td width="19"> </td>
<td width="555"> </td>
</tr>
<tr>
<td width="45"><img loading="lazy" class="alignnone size-full wp-image-75490" src="http://adaccomumu.cluster028.hosting.ovh.net/wp-content/uploads/2020/08/facebook.png" alt="" width="40" height="40" /></td>
<td width="19"> </td>
<td width="555"><a href="http://www.facebook.com/Sodial-cash-830668913706958" target="_blank" rel="noopener noreferrer">www.facebook.com/Sodial-cash-830668913706958</a></td>
</tr>
</tbody>
</table>
<p>&nbsp;</p>
<p><img loading="lazy" class="alignleft size-full wp-image-76481" src="http://adaccomumu.cluster028.hosting.ovh.net/wp-content/uploads/2020/08/sodialcash.jpg" alt="" width="700" height="277" srcset="https://www.adac971.com/wp-content/uploads/2020/08/sodialcash.jpg 700w, https://www.adac971.com/wp-content/uploads/2020/08/sodialcash-300x119.jpg 300w" sizes="(max-width: 700px) 100vw, 700px" /></p>

<p>Prix de gros Sur présentation de la carte ADAC 971 (sauf sur les promotions, remise non cumulable) SUPERMARCHÉ ALIMENTATIONAffectation automatique du tarif professionnel, soit sur le prix du carton complet, soit à l&rsquo;unité Commerce de gros et détail alimentaire Le cash des pros et des particuliers     0590 26 69 08   Impasse Ampère, voie [&hellip;]</p>
