{"id":75411,"date":"2020-08-17T18:03:51","date_gmt":"2020-08-17T16:03:51","guid":{"rendered":"http:\/\/adaccomumu.cluster028.hosting.ovh.net\/?post_type=product&#038;p=75411"},"modified":"2020-11-24T17:00:54","modified_gmt":"2020-11-24T16:00:54","slug":"espace-clean-center","status":"publish","type":"product","link":"https:\/\/www.adac971.com\/index.php\/product\/espace-clean-center\/","title":{"rendered":"Espace Clean Center"},"content":{"rendered":"<h1 class=\"wpsestyles orange-message\">Jusqu&rsquo;\u00e0 10% de remise (hors promo, soldes et ventes flash)<\/h1>\n<p><span class=\"PBLongTxt\">Sur pr\u00e9sentation de la carte ADAC 971 (sauf sur les promotions, remise non cumulable)<\/span><\/p>\n<p>Jusqu&rsquo;\u00e0 50% d\u00e9ductible de vos imp\u00f4ts.<\/p>\n<table>\n<tbody>\n<tr>\n<td width=\"45\"><img loading=\"lazy\" class=\"alignnone size-full wp-image-75435\" src=\"http:\/\/adaccomumu.cluster028.hosting.ovh.net\/wp-content\/uploads\/2020\/08\/icone-tel-3.png\" alt=\"\" width=\"40\" height=\"37\" \/><\/td>\n<td width=\"19\">\u00a0<\/td>\n<td width=\"555\">06 90 39 61 19<\/td>\n<\/tr>\n<tr>\n<td width=\"45\"><img loading=\"lazy\" class=\"alignnone size-full wp-image-75433\" src=\"http:\/\/adaccomumu.cluster028.hosting.ovh.net\/wp-content\/uploads\/2020\/08\/icone-adresse-2.png\" alt=\"\" width=\"32\" height=\"40\" \/><\/td>\n<td width=\"19\">\u00a0<\/td>\n<td width=\"555\">Immeuble CEFRIM, angle des rues Saint-Jean et Desbonnes 97160 Le Moule<\/td>\n<\/tr>\n<tr>\n<td width=\"45\"><img loading=\"lazy\" class=\"alignnone size-full wp-image-75432\" src=\"http:\/\/adaccomumu.cluster028.hosting.ovh.net\/wp-content\/uploads\/2020\/08\/clock-1.png\" alt=\"\" width=\"40\" height=\"40\" \/><\/td>\n<td width=\"19\">\u00a0<\/td>\n<td width=\"555\">\n<div class=\"description\">24h \/ 24<\/div>\n<\/td>\n<\/tr>\n<tr>\n<td width=\"45\"><img loading=\"lazy\" class=\"alignnone size-full wp-image-75436\" src=\"http:\/\/adaccomumu.cluster028.hosting.ovh.net\/wp-content\/uploads\/2020\/08\/mail-icone-2.jpg\" alt=\"\" width=\"40\" height=\"30\" \/><\/td>\n<td width=\"19\">\u00a0<\/td>\n<td width=\"555\">espacecleancenter@orange.fr<\/td>\n<\/tr>\n<tr>\n<td width=\"45\"><img loading=\"lazy\" class=\"alignnone size-full wp-image-75434\" src=\"http:\/\/adaccomumu.cluster028.hosting.ovh.net\/wp-content\/uploads\/2020\/08\/icone-site-2.png\" alt=\"\" width=\"40\" height=\"39\" \/><\/td>\n<td width=\"19\">\u00a0<\/td>\n<td width=\"555\"><a href=\"http:\/\/espacecleancenter.simplesite.com\/426095804\" target=\"_blank\" rel=\"noopener noreferrer\">http:\/\/espacecleancenter.simplesite.com\/426095804<\/a><\/td>\n<\/tr>\n<tr>\n<td width=\"45\"><img loading=\"lazy\" class=\"alignnone size-full wp-image-75490\" src=\"http:\/\/adaccomumu.cluster028.hosting.ovh.net\/wp-content\/uploads\/2020\/08\/facebook.png\" alt=\"\" width=\"40\" height=\"40\" \/><\/td>\n<td width=\"19\">\u00a0<\/td>\n<td width=\"555\"><a href=\"https:\/\/www.facebook.com\/services.prestations\">https:\/\/www.facebook.com\/services.prestations<\/a><\/td>\n<\/tr>\n<\/tbody>\n<\/table>\n<p>&nbsp;<\/p>\n<p>Service d&rsquo;assistance \u00e0 domicile proposant les prestations suivantes : m\u00e9nage, repassage, jardinage et aide aux devoirs.<br \/>\u00a0\u00a0<br \/><div class=\"carousel-slider-outer carousel-slider-outer-images carousel-slider-outer-75975\">\n\t<style type=\"text\/css\">\n            #id-75975 .carousel-slider-nav-icon {\n                fill: #f1f1f1\n            }\n            #id-75975 .carousel-slider-nav-icon:hover {\n                fill: #00d1b2\n            }\n            #id-75975 .owl-prev,\n            #id-75975 .owl-next,\n            #id-75975 .carousel-slider-nav-icon {\n                height: 48px;\n                width: 48px\n            }\n            #id-75975.arrows-outside .owl-prev {\n                left: -48px\n            }\n            #id-75975.arrows-outside .owl-next {\n                right: -48px\n            }\n        \n\t\t    #id-75975 .owl-dots .owl-dot span {\n                background-color: #f1f1f1;\n                width: 10px;\n                height: 10px;\n            }\n            #id-75975 .owl-dots .owl-dot.active span,\n            #id-75975 .owl-dots .owl-dot:hover span {\n                background-color: #00d1b2\n            }\n\t\t<\/style>\t<div id=\"id-75975\" class=\"owl-carousel carousel-slider arrows-outside arrows-visible-hover dots-hidden dots-center dots-square\" data-slide-type=\"image-carousel\" data-margin=\"10\" data-slide-by=\"1\" data-loop=\"true\" data-lazy-load=\"false\" data-stage-padding=\"0\" data-auto-width=\"false\" data-dots=\"false\" data-nav=\"true\" data-autoplay=\"true\" data-autoplay-timeout=\"5000\" data-autoplay-speed=\"500\" data-autoplay-hover-pause=\"false\" data-colums=\"1\" data-colums-desktop=\"1\" data-colums-small-desktop=\"1\" data-colums-tablet=\"1\" data-colums-small-tablet=\"2\" data-colums-mobile=\"1\">\n\t\t<div class=\"carousel-slider__item\"><img width=\"1500\" height=\"843\" src=\"https:\/\/www.adac971.com\/wp-content\/uploads\/2020\/09\/espace1.jpg\" class=\"attachment-full size-full\" alt=\"\" loading=\"lazy\" srcset=\"https:\/\/www.adac971.com\/wp-content\/uploads\/2020\/09\/espace1.jpg 1500w, https:\/\/www.adac971.com\/wp-content\/uploads\/2020\/09\/espace1-300x169.jpg 300w, https:\/\/www.adac971.com\/wp-content\/uploads\/2020\/09\/espace1-1024x575.jpg 1024w, https:\/\/www.adac971.com\/wp-content\/uploads\/2020\/09\/espace1-768x432.jpg 768w\" sizes=\"(max-width: 1500px) 100vw, 1500px\" \/><\/div><div class=\"carousel-slider__item\"><img width=\"1500\" height=\"843\" src=\"https:\/\/www.adac971.com\/wp-content\/uploads\/2020\/09\/espace2.jpg\" class=\"attachment-full size-full\" alt=\"\" loading=\"lazy\" srcset=\"https:\/\/www.adac971.com\/wp-content\/uploads\/2020\/09\/espace2.jpg 1500w, https:\/\/www.adac971.com\/wp-content\/uploads\/2020\/09\/espace2-300x169.jpg 300w, https:\/\/www.adac971.com\/wp-content\/uploads\/2020\/09\/espace2-1024x575.jpg 1024w, https:\/\/www.adac971.com\/wp-content\/uploads\/2020\/09\/espace2-768x432.jpg 768w\" sizes=\"(max-width: 1500px) 100vw, 1500px\" \/><\/div><div class=\"carousel-slider__item\"><img width=\"1500\" height=\"843\" src=\"https:\/\/www.adac971.com\/wp-content\/uploads\/2020\/09\/espace3.jpg\" class=\"attachment-full size-full\" alt=\"\" loading=\"lazy\" srcset=\"https:\/\/www.adac971.com\/wp-content\/uploads\/2020\/09\/espace3.jpg 1500w, https:\/\/www.adac971.com\/wp-content\/uploads\/2020\/09\/espace3-300x169.jpg 300w, https:\/\/www.adac971.com\/wp-content\/uploads\/2020\/09\/espace3-1024x575.jpg 1024w, https:\/\/www.adac971.com\/wp-content\/uploads\/2020\/09\/espace3-768x432.jpg 768w\" sizes=\"(max-width: 1500px) 100vw, 1500px\" \/><\/div><div class=\"carousel-slider__item\"><img width=\"1500\" height=\"843\" src=\"https:\/\/www.adac971.com\/wp-content\/uploads\/2020\/09\/espace4.jpg\" class=\"attachment-full size-full\" alt=\"\" loading=\"lazy\" srcset=\"https:\/\/www.adac971.com\/wp-content\/uploads\/2020\/09\/espace4.jpg 1500w, https:\/\/www.adac971.com\/wp-content\/uploads\/2020\/09\/espace4-300x169.jpg 300w, https:\/\/www.adac971.com\/wp-content\/uploads\/2020\/09\/espace4-1024x575.jpg 1024w, https:\/\/www.adac971.com\/wp-content\/uploads\/2020\/09\/espace4-768x432.jpg 768w\" sizes=\"(max-width: 1500px) 100vw, 1500px\" \/><\/div><div class=\"carousel-slider__item\"><img width=\"1500\" height=\"843\" src=\"https:\/\/www.adac971.com\/wp-content\/uploads\/2020\/09\/espace5.png\" class=\"attachment-full size-full\" alt=\"\" loading=\"lazy\" srcset=\"https:\/\/www.adac971.com\/wp-content\/uploads\/2020\/09\/espace5.png 1500w, https:\/\/www.adac971.com\/wp-content\/uploads\/2020\/09\/espace5-300x169.png 300w, https:\/\/www.adac971.com\/wp-content\/uploads\/2020\/09\/espace5-1024x575.png 1024w, https:\/\/www.adac971.com\/wp-content\/uploads\/2020\/09\/espace5-768x432.png 768w\" sizes=\"(max-width: 1500px) 100vw, 1500px\" \/><\/div>\t<\/div><!-- #id-## -->\n<\/div>\n","protected":false},"excerpt":{"rendered":"<p>Jusqu&rsquo;\u00e0 10% de remise (hors promo, soldes et ventes flash) Sur pr\u00e9sentation de la carte ADAC 971 (sauf sur les promotions, remise non cumulable) Jusqu&rsquo;\u00e0 50% d\u00e9ductible de vos imp\u00f4ts. \u00a0 06 90 39 61 19 \u00a0 Immeuble CEFRIM, angle des rues Saint-Jean et Desbonnes 97160 Le Moule \u00a0 24h \/ 24 \u00a0 espacecleancenter@orange.fr \u00a0 [&hellip;]<\/p>\n","protected":false},"featured_media":75412,"template":"","meta":[],"_links":{"self":[{"href":"https:\/\/www.adac971.com\/index.php\/wp-json\/wp\/v2\/product\/75411"}],"collection":[{"href":"https:\/\/www.adac971.com\/index.php\/wp-json\/wp\/v2\/product"}],"about":[{"href":"https:\/\/www.adac971.com\/index.php\/wp-json\/wp\/v2\/types\/product"}],"wp:featuredmedia":[{"embeddable":true,"href":"https:\/\/www.adac971.com\/index.php\/wp-json\/wp\/v2\/media\/75412"}],"wp:attachment":[{"href":"https:\/\/www.adac971.com\/index.php\/wp-json\/wp\/v2\/media?parent=75411"}],"curies":[{"name":"wp","href":"https:\/\/api.w.org\/{rel}","templated":true}]}}