{"id":75629,"date":"2020-10-06T06:54:38","date_gmt":"2020-10-06T04:54:38","guid":{"rendered":"http:\/\/adaccomumu.cluster028.hosting.ovh.net\/?page_id=75629"},"modified":"2020-10-06T21:44:27","modified_gmt":"2020-10-06T19:44:27","slug":"qui-sommes-nous","status":"publish","type":"page","link":"https:\/\/www.adac971.com\/index.php\/qui-sommes-nous\/","title":{"rendered":"Qui sommes nous ?"},"content":{"rendered":"<p>[vc_row css=\u00a0\u00bb.vc_custom_1433564201242{margin-top: 20px !important;margin-bottom: 70px !important;}\u00a0\u00bb][vc_column width=\u00a0\u00bb1\/4&Prime;][vc_column_text][vc_widget_sidebar sidebar_id=\u00a0\u00bbsidebar\u00a0\u00bb][\/vc_column_text][\/vc_column][vc_column width=\u00a0\u00bb3\/4&Prime;][vc_custom_heading text=\u00a0\u00bbQui sommes nous ?\u00a0\u00bb font_container=\u00a0\u00bbtag:h2|font_size:20|text_align:left|color:%23111111&Prime; el_class=\u00a0\u00bbheading-title-3&Prime;][vc_column_text]<span class=\"PBNumber\">Quel est le but de l&rsquo;ADAC 971 ?<\/span><\/p>\n<p>L&rsquo;ADAC 971 se propose d\u2019am\u00e9liorer le pouvoir d\u2019achat de ses abonn\u00e9s et d\u2019optimiser leurs revenus en r\u00e9duisant consid\u00e9rablement leurs d\u00e9penses. Pour se faire, elle \u00e9dite une carte nominative qui permet au porteur d\u2019obtenir jusqu&rsquo;\u00e0 50% de remise chez une centaine de commer\u00e7ants en Guadeloupe.<\/p>\n<p>A qui s&rsquo;adresse la carte ADAC 971 ?<\/p>\n<p>Elle s\u2019adresse \u00e0 tout un chacun, l\u2019abonnement pouvant \u00eatre souscrit individuellement ou via une structure (entreprise, administration ou association), par exemple l\u2019employeur ou le club de sport.<\/p>\n<p>Qu&rsquo;est-ce que cette carte apporte de plus que les dispositifs existants ?<\/p>\n<p>Face aux r\u00e9sultats limit\u00e9s des mesures\u00a0<i>(bouclier qualit\u00e9-prix)\u00a0<\/i>et des\u00a0<i>structures (comit\u00e9s d\u2019\u00e9tablissement ou d\u2019entreprise)\u00a0<\/i>destin\u00e9es \u00e0 r\u00e9duire les prix, nous avons d\u00e9cid\u00e9 d\u2019adopter\u00a0une approche diff\u00e9rente qui garantisse un meilleur gain en termes de pouvoir d\u2019achat.<\/p>\n<p>&nbsp;<\/p>\n<p>En plus d\u2019offrir des r\u00e9ductions sur des prestations occasionnelles (type loisirs), la carte ADAC 971 donne acc\u00e8s \u00e0 des tarifs pr\u00e9f\u00e9rentiels, toute l\u2019ann\u00e9e, pour des d\u00e9penses plus r\u00e9p\u00e9titives. Elle tient compte de la r\u00e9partition des d\u00e9penses des foyers ultramarins, pour mettre l\u2019accent sur les postes qui p\u00e8sent le plus dans le budget des m\u00e9nages.[\/vc_column_text][vc_custom_heading text=\u00a0\u00bbNous contacter\u00a0\u00bb font_container=\u00a0\u00bbtag:h2|font_size:20|text_align:left|color:%23111111&Prime; el_class=\u00a0\u00bbheading-title-3&Prime; css=\u00a0\u00bb.vc_custom_1599431214086{margin-top: 30px !important;}\u00a0\u00bb][vc_row_inner el_class=\u00a0\u00bbalign-center .certifications-block\u00a0\u00bb][vc_column_inner width=\u00a0\u00bb1\/3&Prime;][vc_column_text]<\/p>\n<h4 style=\"text-align: center;\">HORAIRES<\/h4>\n<p style=\"text-align: center;\">Lundi\u00a0 \u00a0 \u00a0 \u00a0 \u00a0 \u00a0 08:30-13:30<br \/>Mardi\u00a0 \u00a0 \u00a0 \u00a0 \u00a0 \u00a008:30-13:30<br \/>Mercredi\u00a0 \u00a0 \u00a008:30-13:30<br \/>Jeudi\u00a0 \u00a0 \u00a0 \u00a0 \u00a0 \u00a008:30-13:30<br \/>Vendredi\u00a0 \u00a0 08:30-12:30<\/p>\n<p>[\/vc_column_text][\/vc_column_inner][vc_column_inner width=\u00a0\u00bb1\/3&Prime;][vc_column_text]<\/p>\n<h4>COORDONNEES<\/h4>\n<p>Avenue Patrick Saint-Eloi 97139 Abymes, Guadeloupe<\/p>\n<p><i class=\"fa fa-phone\"><\/i>\u00a0: 0590 88 58 83<\/p>\n<p><i class=\"fa fa-envelope-o\"><\/i>\u00a0 : contact@adac971.com[\/vc_column_text][\/vc_column_inner][vc_column_inner width=\u00a0\u00bb1\/3&Prime;][vc_column_text]<\/p>\n<h4>FORMULAIRE DE CONTACT<\/h4>\n<p>[\/vc_column_text][vc_btn title=\u00a0\u00bbContact\u00a0\u00bb link=\u00a0\u00bburl:http%3A%2F%2Fadaccomumu.cluster028.hosting.ovh.net%2Findex.php%2Fcontact%2F|title:Contactez-nous||\u00a0\u00bb][\/vc_column_inner][\/vc_row_inner][\/vc_column][\/vc_row][vc_row el_class=\u00a0\u00bbintro4 align-center min-box\u00a0\u00bb full_width=\u00a0\u00bbstretch_row_content\u00a0\u00bb css=\u00a0\u00bb.vc_custom_1433564144185{margin-bottom: 0px !important;background-color: #fdc502 !important;}\u00a0\u00bb][vc_column width=\u00a0\u00bb2\/3&Prime;][vc_custom_heading text=\u00a0\u00bbIl est temps de faire des \u00e9conomies\u00a0\u00bb font_container=\u00a0\u00bbtag:h3|font_size:22|text_align:center|color:%23ffffff\u00a0\u00bb][\/vc_column][vc_column width=\u00a0\u00bb1\/3&Prime;][vc_btn title=\u00a0\u00bbAdh\u00e9rez maintenant\u00a0\u00bb style=\u00a0\u00bboutline\u00a0\u00bb shape=\u00a0\u00bbsquare\u00a0\u00bb color=\u00a0\u00bbwhite\u00a0\u00bb link=\u00a0\u00bburl:http%3A%2F%2Fadaccomumu.cluster028.hosting.ovh.net%2Findex.php%2Fje-mabonne%2F|title:Je%20m%E2%80%99abonne||\u00a0\u00bb][\/vc_column][\/vc_row][vc_row][vc_column][vc_empty_space height=\u00a0\u00bb70px\u00a0\u00bb][\/vc_column][\/vc_row]<\/p>\n","protected":false},"excerpt":{"rendered":"<p>[vc_row css=\u00a0\u00bb.vc_custom_1433564201242{margin-top: 20px !important;margin-bottom: 70px !important;}\u00a0\u00bb][vc_column width=\u00a0\u00bb1\/4&Prime;][vc_column_text][vc_widget_sidebar sidebar_id=\u00a0\u00bbsidebar\u00a0\u00bb][\/vc_column_text][\/vc_column][vc_column width=\u00a0\u00bb3\/4&Prime;][vc_custom_heading text=\u00a0\u00bbQui sommes nous ?\u00a0\u00bb font_container=\u00a0\u00bbtag:h2|font_size:20|text_align:left|color:%23111111&Prime; el_class=\u00a0\u00bbheading-title-3&Prime;][vc_column_text]Quel est le but de l&rsquo;ADAC 971 ? L&rsquo;ADAC 971 se propose d\u2019am\u00e9liorer le pouvoir d\u2019achat de ses abonn\u00e9s et d\u2019optimiser leurs revenus en r\u00e9duisant consid\u00e9rablement leurs d\u00e9penses. Pour se faire, elle \u00e9dite une carte nominative qui permet au porteur d\u2019obtenir [&hellip;]<\/p>\n","protected":false},"author":1,"featured_media":0,"parent":0,"menu_order":0,"comment_status":"closed","ping_status":"closed","template":"","meta":[],"_links":{"self":[{"href":"https:\/\/www.adac971.com\/index.php\/wp-json\/wp\/v2\/pages\/75629"}],"collection":[{"href":"https:\/\/www.adac971.com\/index.php\/wp-json\/wp\/v2\/pages"}],"about":[{"href":"https:\/\/www.adac971.com\/index.php\/wp-json\/wp\/v2\/types\/page"}],"author":[{"embeddable":true,"href":"https:\/\/www.adac971.com\/index.php\/wp-json\/wp\/v2\/users\/1"}],"replies":[{"embeddable":true,"href":"https:\/\/www.adac971.com\/index.php\/wp-json\/wp\/v2\/comments?post=75629"}],"version-history":[{"count":2,"href":"https:\/\/www.adac971.com\/index.php\/wp-json\/wp\/v2\/pages\/75629\/revisions"}],"predecessor-version":[{"id":76315,"href":"https:\/\/www.adac971.com\/index.php\/wp-json\/wp\/v2\/pages\/75629\/revisions\/76315"}],"wp:attachment":[{"href":"https:\/\/www.adac971.com\/index.php\/wp-json\/wp\/v2\/media?parent=75629"}],"curies":[{"name":"wp","href":"https:\/\/api.w.org\/{rel}","templated":true}]}}